 and 24?
3
Calculate the highest common divisor of 515 and 618.
103
Calculate the highest common divisor of 140 and 2310.
70
What is the highest common factor of 4308 and 12?
12
What is the highest common divisor of 848 and 3604?
212
Calculate the highest common factor of 20 and 56.
4
Calculate the highest common divisor of 550 and 44.
22
What is the greatest common divisor of 36 and 516?
12
Calculate the highest common factor of 36388 and 44.
44
Calculate the highest common divisor of 258 and 3225.
129
What is the greatest common divisor of 35 and 3087?
7
What is the greatest common factor of 212 and 159?
53
What is the highest common divisor of 925 and 777?
37
What is the greatest common factor of 668 and 9018?
334
What is the highest common divisor of 72906 and 348?
174
Calculate the highest common divisor of 62 and 992.
62
Calculate the greatest common divisor of 580 and 12905.
145
What is the highest common factor of 539 and 931?
49
What is the highest common divisor of 1052 and 4?
4
What is the highest common factor of 891 and 429?
33
What is the highest common factor of 42886 and 82?
82
Calculate the greatest common factor of 798 and 42.
42
What is the highest common divisor of 1031 and 2?
1
What is the greatest common divisor of 288 and 12128?
32
Calculate the highest common factor of 81 and 135.
27
Calculate the highest common divisor of 26 and 3.
1
What is the highest common divisor of 6077 and 649?
59
Calculate the greatest common divisor of 20 and 19660.
20
Calculate the highest common divisor of 156 and 143.
13
What is the highest common factor of 294 and 1862?
98
Calculate the greatest common factor of 66 and 1782.
66
Calculate the highest common divisor of 105 and 70.
35
What is the highest common factor of 3822 and 702?
78
Calculate the greatest common divisor of 9 and 1962.
9
What is the highest common factor of 70 and 1120?
70
What is the highest common divisor of 11 and 253?
11
Calculate the greatest common divisor of 469 and 63.
7
What is the highest common divisor of 600 and 3?
3
What is the highest common factor of 24 and 280?
8
What is the greatest common divisor of 56 and 32312?
56
What is the greatest common factor of 52139 and 17?
17
Calculate the greatest common divisor of 455 and 105.
35
Calculate the greatest common divisor of 99 and 207.
9
What is the greatest common factor of 831 and 1?
1
Calculate the highest common factor of 48 and 834.
6
What is the highest common divisor of 15 and 6000?
15
What is the greatest common divisor of 72 and 900?
36
What is the highest common divisor of 21 and 24?
3
Calculate the highest common divisor of 168 and 2247.
21
What is the greatest common divisor of 1176 and 72?
24
Calculate the highest common divisor of 702 and 390.
78
What is the highest common divisor of 1075 and 25?
25
What is the highest common divisor of 66 and 6?
6
Calculate the greatest common divisor of 5 and 15.
5
What is the highest common factor of 81 and 27?
27
Calculate the greatest common divisor of 28 and 2.
2
Calculate the greatest common factor of 1888 and 59.
59
What is the greatest common factor of 14652 and 48?
12
Calculate the greatest common factor of 17 and 3145.
17
Calculate the highest common factor of 1791 and 796.
199
What is the greatest common factor of 2020 and 10?
10
Calculate the greatest common divisor of 64572 and 24.
12
What is the greatest common factor of 1545 and 75?
15
Calculate the highest common divisor of 98 and 1813.
49
What is the greatest common factor of 730 and 3358?
146
Calculate the highest common factor of 182 and 434.
14
What is the greatest common factor of 371 and 106?
53
What is the greatest common divisor of 1912 and 1195?
239
Calculate the highest common factor of 203 and 1247.
29
Calculate the highest common factor of 660 and 80.
20
What is the highest common divisor of 1152 and 72?
72
Calculate the highest common divisor of 10366 and 219.
73
Calculate the highest common divisor of 155 and 80.
5
Calculate the greatest common divisor of 12573 and 99.
99
What is the greatest common divisor of 729 and 270?
27
What is the greatest common divisor of 2560 and 560?
80
Calculate the highest common factor of 2775 and 975.
75
Calculate the greatest common factor of 1100 and 800.
100
Calculate the highest common factor of 880 and 275.
55
What is the highest common divisor of 1536 and 16?
16
What is the greatest common factor of 2112 and 16?
16
Calculate the highest common divisor of 11 and 99.
11
What is the highest common divisor of 310 and 70?
10
Calculate the highest common divisor of 648 and 48.
24
What is the highest common divisor of 91 and 77?
7
Calculate the highest common divisor of 130 and 710.
10
What is the highest common factor of 6 and 56?
2
Calculate the greatest common factor of 143 and 208.
13
Calculate the greatest common divisor of 798 and 7.
7
What is the greatest common divisor of 1121 and 76?
19
Calculate the highest common divisor of 7 and 1967.
7
Calculate the highest common factor of 3066 and 42.
42
Calculate the highest common factor of 180 and 3105.
45
Calculate the highest common divisor of 174 and 18.
6
Calculate the highest common divisor of 9 and 225.
9
What is the greatest common factor of 25 and 13?
1
Calculate the greatest common divisor of 116 and 725.
29
What is the highest common factor of 932 and 4?
4
What is the greatest common divisor of 447 and 1639?
149
Calculate the highest common divisor of 10900 and 300.
100
Calculate the highest common factor of 2790 and 840.
30
What is the greatest common factor of 351 and 135?
27
What is the highest common divisor of 1645 and 5?
5
What is the highest common divisor of 17468 and 44?
44
Calculate the greatest common divisor of 240 and 35.
5
What is the highest common divisor of 165 and 2895?
15
Calculate the greatest common divisor of 12871 and 844.
211
Calculate the greatest common divisor of 836 and 44.
44
Calculate the highest common divisor of 55 and 1485.
55
Calculate the highest common divisor of 425 and 6120.
85
Calculate the greatest common factor of 106 and 53.
53
Calculate the highest common divisor of 34 and 289.
17
What is the greatest common divisor of 1066 and 26?
26
What is the highest common divisor of 126 and 6237?
63
What is the highest common divisor of 45591 and 273?
273
Calculate the highest common factor of 216 and 1017.
9
Calculate the highest common factor of 14 and 3724.
14
Calculate the greatest common divisor of 160 and 45680.
80
What is the highest common factor of 22878 and 62?
62
What is the greatest common divisor of 7020 and 108?
108
Calculate the highest common divisor of 29936 and 32.
16
Calculate the greatest common divisor of 666 and 148.
74
Calculate the highest common divisor of 75 and 1050.
75
What is the greatest common factor of 27 and 909?
9
Calculate the highest common factor of 550 and 44.
22
Calculate the highest common factor of 40 and 224.
8
What is the greatest common factor of 1190 and 490?
70
Calculate the highest common factor of 5 and 785.
5
What is the highest common factor of 7 and 301?
7
What is the greatest common factor of 15 and 21?
3
Calculate the greatest common divisor of 1738 and 8532.
158
What is the greatest common divisor of 172 and 272?
4
What is the greatest common factor of 6 and 87?
3
What is the highest common factor of 144 and 2508?
12
What is the highest common factor of 124 and 682?
62
Calculate the highest common divisor of 1452 and 924.
132
Calculate the highest common factor of 27 and 378.
27
Calculate the highest common factor of 306 and 17.
17
What is the highest common factor of 5256 and 144?
72
What is the highest common divisor of 153 and 63?
9
What is the greatest common factor of 52 and 182?
26
Calculate the highest common factor of 33 and 12980.
11
Calculate the greatest common divisor of 20512 and 32.
32
Calculate the highest common divisor of 41 and 1312.
41
What is the highest common divisor of 9408 and 28?
28
What is the highest common divisor of 63 and 84?
21
What is the greatest common divisor of 4 and 1004?
4
Calculate the highest common divisor of 2001 and 529.
23
What is the greatest common divisor of 24 and 216?
24
What is the highest common divisor of 592 and 48?
16
What is the highest common diviso